{"id":47,"date":"2024-04-23T17:39:20","date_gmt":"2024-04-23T17:39:20","guid":{"rendered":"https:\/\/telcz.com.pl\/?page_id=47"},"modified":"2024-09-06T20:33:54","modified_gmt":"2024-09-06T20:33:54","slug":"spolki-z-o-o-i-komandytowe","status":"publish","type":"page","link":"https:\/\/telcz.com.pl\/?page_id=47","title":{"rendered":"Sp\u00f3\u0142ki z.o.o. i komandytowe"},"content":{"rendered":"\t\t<div data-elementor-type=\"wp-page\" data-elementor-id=\"47\" class=\"elementor elementor-47\" data-elementor-post-type=\"page\">\n\t\t\t\t<div class=\"elementor-element elementor-element-7f07d79c e-con-full e-flex e-con e-parent\" data-id=\"7f07d79c\" data-element_type=\"container\" data-settings=\"{&quot;background_background&quot;:&quot;classic&quot;}\">\n\t\t<div class=\"elementor-element elementor-element-5ef4f955 e-con-full e-flex e-con e-child\" data-id=\"5ef4f955\" data-element_type=\"container\">\n\t\t\t\t<div class=\"elementor-element elementor-element-6a278ec elementor-widget__width-inherit elementor-widget elementor-widget-theme-site-logo elementor-widget-image\" data-id=\"6a278ec\" data-element_type=\"widget\" data-widget_type=\"theme-site-logo.default\">\n\t\t\t\t<div class=\"elementor-widget-container\">\n\t\t\t<style>\/*! elementor - v3.21.0 - 24-04-2024 *\/\n.elementor-widget-image{text-align:center}.elementor-widget-image a{display:inline-block}.elementor-widget-image a img[src$=\".svg\"]{width:48px}.elementor-widget-image img{vertical-align:middle;display:inline-block}<\/style>\t\t\t\t\t\t<a href=\"https:\/\/telcz.com.pl\">\n\t\t\t<img fetchpriority=\"high\" decoding=\"async\" width=\"422\" height=\"190\" src=\"https:\/\/telcz.com.pl\/wp-content\/uploads\/2024\/07\/cropped-logas2-e1720555775881.jpg\" class=\"attachment-full size-full wp-image-2610\" alt=\"\" srcset=\"https:\/\/telcz.com.pl\/wp-content\/uploads\/2024\/07\/cropped-logas2-e1720555775881.jpg 422w, https:\/\/telcz.com.pl\/wp-content\/uploads\/2024\/07\/cropped-logas2-e1720555775881-300x135.jpg 300w\" sizes=\"(max-width: 422px) 100vw, 422px\" \/>\t\t\t\t<\/a>\n\t\t\t\t\t\t\t\t\t<\/div>\n\t\t\t\t<\/div>\n\t\t\t\t<\/div>\n\t\t<div class=\"elementor-element elementor-element-1c0433b1 e-con-full e-flex e-con e-child\" data-id=\"1c0433b1\" data-element_type=\"container\">\n\t\t\t\t<div class=\"elementor-element elementor-element-39b74f2e elementor-nav-menu__align-center elementor-nav-menu--stretch elementor-widget-mobile__width-inherit elementor-nav-menu--dropdown-tablet elementor-nav-menu__text-align-aside elementor-nav-menu--toggle elementor-nav-menu--burger elementor-widget elementor-widget-nav-menu\" data-id=\"39b74f2e\" data-element_type=\"widget\" data-settings=\"{&quot;full_width&quot;:&quot;stretch&quot;,&quot;layout&quot;:&quot;horizontal&quot;,&quot;submenu_icon&quot;:{&quot;value&quot;:&quot;&lt;svg class=\\&quot;e-font-icon-svg e-fas-caret-down\\&quot; viewBox=\\&quot;0 0 320 512\\&quot; xmlns=\\&quot;http:\\\/\\\/www.w3.org\\\/2000\\\/svg\\&quot;&gt;&lt;path d=\\&quot;M31.3 192h257.3c17.8 0 26.7 21.5 14.1 34.1L174.1 354.8c-7.8 7.8-20.5 7.8-28.3 0L17.2 226.1C4.6 213.5 13.5 192 31.3 192z\\&quot;&gt;&lt;\\\/path&gt;&lt;\\\/svg&gt;&quot;,&quot;library&quot;:&quot;fa-solid&quot;},&quot;toggle&quot;:&quot;burger&quot;}\" data-widget_type=\"nav-menu.default\">\n\t\t\t\t<div class=\"elementor-widget-container\">\n\t\t\t<link rel=\"stylesheet\" href=\"https:\/\/telcz.com.pl\/wp-content\/plugins\/elementor-pro\/assets\/css\/widget-nav-menu.min.css\">\t\t\t<nav class=\"elementor-nav-menu--main elementor-nav-menu__container elementor-nav-menu--layout-horizontal e--pointer-underline e--animation-fade\">\n\t\t\t\t<ul id=\"menu-1-39b74f2e\" class=\"elementor-nav-menu\"><li class=\"menu-item menu-item-type-post_type menu-item-object-page menu-item-home menu-item-58\"><a href=\"https:\/\/telcz.com.pl\/\" class=\"elementor-item\">Home<\/a><\/li>\n<li class=\"menu-item menu-item-type-post_type menu-item-object-page menu-item-59\"><a href=\"https:\/\/telcz.com.pl\/?page_id=46\" class=\"elementor-item\">Dlaczego my?<\/a><\/li>\n<li class=\"menu-item menu-item-type-post_type menu-item-object-page menu-item-60\"><a href=\"https:\/\/telcz.com.pl\/?page_id=47\" class=\"elementor-item\">Sp\u00f3\u0142ki z.o.o. i komandytowe<\/a><\/li>\n<li class=\"menu-item menu-item-type-post_type menu-item-object-page menu-item-62\"><a href=\"https:\/\/telcz.com.pl\/?page_id=49\" class=\"elementor-item\">Nasze referencje<\/a><\/li>\n<li class=\"menu-item menu-item-type-post_type menu-item-object-page menu-item-61\"><a href=\"https:\/\/telcz.com.pl\/?page_id=48\" class=\"elementor-item\">Kontakt<\/a><\/li>\n<li class=\"menu-item menu-item-type-post_type menu-item-object-page menu-item-2504\"><a href=\"https:\/\/telcz.com.pl\/?page_id=2501\" class=\"elementor-item\">Polityka prywatno\u015bci<\/a><\/li>\n<\/ul>\t\t\t<\/nav>\n\t\t\t\t\t<div class=\"elementor-menu-toggle\" role=\"button\" tabindex=\"0\" aria-label=\"Menu Toggle\" aria-expanded=\"false\">\n\t\t\t<svg aria-hidden=\"true\" role=\"presentation\" class=\"elementor-menu-toggle__icon--open e-font-icon-svg e-eicon-menu-bar\" viewBox=\"0 0 1000 1000\" xmlns=\"http:\/\/www.w3.org\/2000\/svg\"><path d=\"M104 333H896C929 333 958 304 958 271S929 208 896 208H104C71 208 42 237 42 271S71 333 104 333ZM104 583H896C929 583 958 554 958 521S929 458 896 458H104C71 458 42 487 42 521S71 583 104 583ZM104 833H896C929 833 958 804 958 771S929 708 896 708H104C71 708 42 737 42 771S71 833 104 833Z\"><\/path><\/svg><svg aria-hidden=\"true\" role=\"presentation\" class=\"elementor-menu-toggle__icon--close e-font-icon-svg e-eicon-close\" viewBox=\"0 0 1000 1000\" xmlns=\"http:\/\/www.w3.org\/2000\/svg\"><path d=\"M742 167L500 408 258 167C246 154 233 150 217 150 196 150 179 158 167 167 154 179 150 196 150 212 150 229 154 242 171 254L408 500 167 742C138 771 138 800 167 829 196 858 225 858 254 829L496 587 738 829C750 842 767 846 783 846 800 846 817 842 829 829 842 817 846 804 846 783 846 767 842 750 829 737L588 500 833 258C863 229 863 200 833 171 804 137 775 137 742 167Z\"><\/path><\/svg>\t\t\t<span class=\"elementor-screen-only\">Menu<\/span>\n\t\t<\/div>\n\t\t\t\t\t<nav class=\"elementor-nav-menu--dropdown elementor-nav-menu__container\" aria-hidden=\"true\">\n\t\t\t\t<ul id=\"menu-2-39b74f2e\" class=\"elementor-nav-menu\"><li class=\"menu-item menu-item-type-post_type menu-item-object-page menu-item-home menu-item-58\"><a href=\"https:\/\/telcz.com.pl\/\" class=\"elementor-item\" tabindex=\"-1\">Home<\/a><\/li>\n<li class=\"menu-item menu-item-type-post_type menu-item-object-page menu-item-59\"><a href=\"https:\/\/telcz.com.pl\/?page_id=46\" class=\"elementor-item\" tabindex=\"-1\">Dlaczego my?<\/a><\/li>\n<li class=\"menu-item menu-item-type-post_type menu-item-object-page menu-item-60\"><a href=\"https:\/\/telcz.com.pl\/?page_id=47\" class=\"elementor-item\" tabindex=\"-1\">Sp\u00f3\u0142ki z.o.o. i komandytowe<\/a><\/li>\n<li class=\"menu-item menu-item-type-post_type menu-item-object-page menu-item-62\"><a href=\"https:\/\/telcz.com.pl\/?page_id=49\" class=\"elementor-item\" tabindex=\"-1\">Nasze referencje<\/a><\/li>\n<li class=\"menu-item menu-item-type-post_type menu-item-object-page menu-item-61\"><a href=\"https:\/\/telcz.com.pl\/?page_id=48\" class=\"elementor-item\" tabindex=\"-1\">Kontakt<\/a><\/li>\n<li class=\"menu-item menu-item-type-post_type menu-item-object-page menu-item-2504\"><a href=\"https:\/\/telcz.com.pl\/?page_id=2501\" class=\"elementor-item\" tabindex=\"-1\">Polityka prywatno\u015bci<\/a><\/li>\n<\/ul>\t\t\t<\/nav>\n\t\t\t\t<\/div>\n\t\t\t\t<\/div>\n\t\t\t\t<\/div>\n\t\t\t\t<\/div>\n\t\t<div class=\"elementor-element elementor-element-1b4acca1 e-con-full e-flex e-con e-parent\" data-id=\"1b4acca1\" data-element_type=\"container\">\n\t\t\t\t<div class=\"elementor-element elementor-element-281ced51 elementor-widget elementor-widget-spacer\" data-id=\"281ced51\" data-element_type=\"widget\" data-widget_type=\"spacer.default\">\n\t\t\t\t<div class=\"elementor-widget-container\">\n\t\t\t<style>\/*! elementor - v3.21.0 - 24-04-2024 *\/\n.elementor-column .elementor-spacer-inner{height:var(--spacer-size)}.e-con{--container-widget-width:100%}.e-con-inner>.elementor-widget-spacer,.e-con>.elementor-widget-spacer{width:var(--container-widget-width,var(--spacer-size));--align-self:var(--container-widget-align-self,initial);--flex-shrink:0}.e-con-inner>.elementor-widget-spacer>.elementor-widget-container,.e-con>.elementor-widget-spacer>.elementor-widget-container{height:100%;width:100%}.e-con-inner>.elementor-widget-spacer>.elementor-widget-container>.elementor-spacer,.e-con>.elementor-widget-spacer>.elementor-widget-container>.elementor-spacer{height:100%}.e-con-inner>.elementor-widget-spacer>.elementor-widget-container>.elementor-spacer>.elementor-spacer-inner,.e-con>.elementor-widget-spacer>.elementor-widget-container>.elementor-spacer>.elementor-spacer-inner{height:var(--container-widget-height,var(--spacer-size))}.e-con-inner>.elementor-widget-spacer.elementor-widget-empty,.e-con>.elementor-widget-spacer.elementor-widget-empty{position:relative;min-height:22px;min-width:22px}.e-con-inner>.elementor-widget-spacer.elementor-widget-empty .elementor-widget-empty-icon,.e-con>.elementor-widget-spacer.elementor-widget-empty .elementor-widget-empty-icon{position:absolute;top:0;bottom:0;left:0;right:0;margin:auto;padding:0;width:22px;height:22px}<\/style>\t\t<div class=\"elementor-spacer\">\n\t\t\t<div class=\"elementor-spacer-inner\"><\/div>\n\t\t<\/div>\n\t\t\t\t<\/div>\n\t\t\t\t<\/div>\n\t\t\t\t<\/div>\n\t\t<div class=\"elementor-element elementor-element-403d22e3 e-con-full e-flex e-con e-parent\" data-id=\"403d22e3\" data-element_type=\"container\">\n\t\t\t\t<div class=\"elementor-element elementor-element-768136a5 elementor-widget elementor-widget-heading\" data-id=\"768136a5\" data-element_type=\"widget\" data-widget_type=\"heading.default\">\n\t\t\t\t<div class=\"elementor-widget-container\">\n\t\t\t<style>\/*! elementor - v3.21.0 - 24-04-2024 *\/\n.elementor-heading-title{padding:0;margin:0;line-height:1}.elementor-widget-heading .elementor-heading-title[class*=elementor-size-]>a{color:inherit;font-size:inherit;line-height:inherit}.elementor-widget-heading .elementor-heading-title.elementor-size-small{font-size:15px}.elementor-widget-heading .elementor-heading-title.elementor-size-medium{font-size:19px}.elementor-widget-heading .elementor-heading-title.elementor-size-large{font-size:29px}.elementor-widget-heading .elementor-heading-title.elementor-size-xl{font-size:39px}.elementor-widget-heading .elementor-heading-title.elementor-size-xxl{font-size:59px}<\/style><h2 class=\"elementor-heading-title elementor-size-default\">Chodz\u0105 Ci po g\u0142owie nast\u0119puj\u0105ce pytania....<\/h2>\t\t<\/div>\n\t\t\t\t<\/div>\n\t\t\t\t<div class=\"elementor-element elementor-element-5faa6de0 elementor-widget elementor-widget-text-editor\" data-id=\"5faa6de0\" data-element_type=\"widget\" data-widget_type=\"text-editor.default\">\n\t\t\t\t<div class=\"elementor-widget-container\">\n\t\t\t<style>\/*! elementor - v3.21.0 - 24-04-2024 *\/\n.elementor-widget-text-editor.elementor-drop-cap-view-stacked .elementor-drop-cap{background-color:#69727d;color:#fff}.elementor-widget-text-editor.elementor-drop-cap-view-framed .elementor-drop-cap{color:#69727d;border:3px solid;background-color:transparent}.elementor-widget-text-editor:not(.elementor-drop-cap-view-default) .elementor-drop-cap{margin-top:8px}.elementor-widget-text-editor:not(.elementor-drop-cap-view-default) .elementor-drop-cap-letter{width:1em;height:1em}.elementor-widget-text-editor .elementor-drop-cap{float:left;text-align:center;line-height:1;font-size:50px}.elementor-widget-text-editor .elementor-drop-cap-letter{display:inline-block}<\/style>\t\t\t\t<ul><li>Czy lepiej za\u0142o\u017cy\u0107 nowa sp\u00f3\u0142k\u0119 czy kupi\u0107 gotow\u0105 a mo\u017ce ju\u017c z histori\u0105?<\/li><li>Czy warto przekszta\u0142ci\u0107 jednoosobow\u0105 dzia\u0142alno\u015b\u0107 w sp\u00f3\u0142k\u0119?<\/li><li>Czy samoch\u00f3d jako \u015br. trwa\u0142y lepiej zakupi\u0107 w leasingu, kredycie, a mo\u017ce najem d\u0142ugo lub kr\u00f3tkoterminowy?<\/li><li>Czy Sp. z o.o. mo\u017ce by\u0107 bez sk\u0142adki zdrowotnej?<\/li><li>Jak otrzyma\u0107 \u201epensj\u0119\u201d z sp. z o.o. bez p\u0142acenia sk\u0142adki na ubezpieczenie emerytalno rentowe?<\/li><li>Ile dostan\u0119 wyp\u0142aty z zysku ze sp\u00f3\u0142ki z.o.o a ile ze sp\u00f3\u0142ki komandytowej po opodatkowaniu?<br \/>I wiele, wiele innych pyta\u0144&#8230;<\/li><\/ul>\t\t\t\t\t\t<\/div>\n\t\t\t\t<\/div>\n\t\t\t\t<\/div>\n\t\t<div class=\"elementor-element elementor-element-a9d6496 e-con-full e-flex e-con e-parent\" data-id=\"a9d6496\" data-element_type=\"container\">\n\t\t\t\t<div class=\"elementor-element elementor-element-2313264 elementor-widget elementor-widget-heading\" data-id=\"2313264\" data-element_type=\"widget\" data-widget_type=\"heading.default\">\n\t\t\t\t<div class=\"elementor-widget-container\">\n\t\t\t<h2 class=\"elementor-heading-title elementor-size-default\">Mo\u017ce warto aby\u015bmy porozmawiali?<\/h2>\t\t<\/div>\n\t\t\t\t<\/div>\n\t\t\t\t<\/div>\n\t\t<div class=\"elementor-element elementor-element-a5f7a82 e-con-full e-flex e-con e-parent\" data-id=\"a5f7a82\" data-element_type=\"container\">\n\t\t\t\t<div class=\"elementor-element elementor-element-d98c466 elementor-widget elementor-widget-heading\" data-id=\"d98c466\" data-element_type=\"widget\" data-widget_type=\"heading.default\">\n\t\t\t\t<div class=\"elementor-widget-container\">\n\t\t\t<h2 class=\"elementor-heading-title elementor-size-default\">Dlaczego to z nami warto prowadzi\u0107 sp\u00f3\u0142k\u0119 z.o.o lub komandytow\u0105?<\/h2>\t\t<\/div>\n\t\t\t\t<\/div>\n\t\t\t\t<div class=\"elementor-element elementor-element-12d3b8d elementor-widget elementor-widget-text-editor\" data-id=\"12d3b8d\" data-element_type=\"widget\" data-widget_type=\"text-editor.default\">\n\t\t\t\t<div class=\"elementor-widget-container\">\n\t\t\t\t\t\t\t<ul>\n<li>Pomagamy za\u0142o\u017cy\u0107 sp\u00f3\u0142k\u0119 w taki spos\u00f3b aby potem jej p\u00f3\u017aniejsze prowadzenie by\u0142o jak najmniej k\u0142opotliwe.<\/li>\n<li>Obni\u017camy koszty prowadzenia sp\u00f3\u0142ki.<\/li>\n<li>Reprezentujemy sp\u00f3\u0142k\u0119 przed Urz\u0119dami i wiemy jak prowadzi\u0107 jej sprawy.<br>Jeste\u015bmy w stanie doradzi\u0107 w sprawach trudnych i zawi\u0142ych z zakresu prawa podatkowego<br>Wsp\u00f3\u0142pracujemy \u015bci\u015ble z inspektorem BHP, organizujemy szkolenia , wdro\u017cenia i instrukcje dla sp\u00f3\u0142ek.<\/li>\n<li>Mo\u017cemy pom\u00f3c przy zdobyciu finansowania zewn\u0119trznego<\/li>\n<li>Kompleksowo rozliczymy p\u0142ace<\/li>\n<li>Zajmiemy si\u0119 kadrami od przyj\u0119cia pracownika do \u015bwiadectwa pracy etc<\/li>\n<\/ul>\t\t\t\t\t\t<\/div>\n\t\t\t\t<\/div>\n\t\t\t\t<\/div>\n\t\t<div class=\"elementor-element elementor-element-105cade e-flex e-con-boxed e-con e-parent\" data-id=\"105cade\" data-element_type=\"container\">\n\t\t\t\t\t<div class=\"e-con-inner\">\n\t\t\t\t\t<\/div>\n\t\t\t\t<\/div>\n\t\t<div class=\"elementor-element elementor-element-306a1475 e-con-full e-flex e-con e-parent\" data-id=\"306a1475\" data-element_type=\"container\">\n\t\t<div class=\"elementor-element elementor-element-37e440bc e-con-full e-flex e-con e-child\" data-id=\"37e440bc\" data-element_type=\"container\">\n\t\t\t\t<div class=\"elementor-element elementor-element-30b8cdd0 elementor-widget elementor-widget-image\" data-id=\"30b8cdd0\" data-element_type=\"widget\" data-widget_type=\"image.default\">\n\t\t\t\t<div class=\"elementor-widget-container\">\n\t\t\t\t\t\t\t\t\t\t\t\t\t<img decoding=\"async\" width=\"1344\" height=\"896\" src=\"https:\/\/telcz.com.pl\/wp-content\/uploads\/2024\/05\/moleskine68_httpss.mj_.runJbjYMqwWzqs_wise_woman_accountant_dr_e78b3fc1-0e95-4fd0-a588-503fd1fdbe5d_3.png\" class=\"attachment-full size-full wp-image-907\" alt=\"\" srcset=\"https:\/\/telcz.com.pl\/wp-content\/uploads\/2024\/05\/moleskine68_httpss.mj_.runJbjYMqwWzqs_wise_woman_accountant_dr_e78b3fc1-0e95-4fd0-a588-503fd1fdbe5d_3.png 1344w, https:\/\/telcz.com.pl\/wp-content\/uploads\/2024\/05\/moleskine68_httpss.mj_.runJbjYMqwWzqs_wise_woman_accountant_dr_e78b3fc1-0e95-4fd0-a588-503fd1fdbe5d_3-300x200.png 300w, https:\/\/telcz.com.pl\/wp-content\/uploads\/2024\/05\/moleskine68_httpss.mj_.runJbjYMqwWzqs_wise_woman_accountant_dr_e78b3fc1-0e95-4fd0-a588-503fd1fdbe5d_3-1024x683.png 1024w, https:\/\/telcz.com.pl\/wp-content\/uploads\/2024\/05\/moleskine68_httpss.mj_.runJbjYMqwWzqs_wise_woman_accountant_dr_e78b3fc1-0e95-4fd0-a588-503fd1fdbe5d_3-768x512.png 768w\" sizes=\"(max-width: 1344px) 100vw, 1344px\" \/>\t\t\t\t\t\t\t\t\t\t\t\t\t<\/div>\n\t\t\t\t<\/div>\n\t\t\t\t<\/div>\n\t\t<div class=\"elementor-element elementor-element-2a677a72 e-con-full e-flex e-con e-child\" data-id=\"2a677a72\" data-element_type=\"container\">\n\t\t<div class=\"elementor-element elementor-element-5e3cd461 e-flex e-con-boxed e-con e-child\" data-id=\"5e3cd461\" data-element_type=\"container\">\n\t\t\t\t\t<div class=\"e-con-inner\">\n\t\t\t\t<div class=\"elementor-element elementor-element-111f5684 elementor-widget elementor-widget-text-editor\" data-id=\"111f5684\" data-element_type=\"widget\" data-widget_type=\"text-editor.default\">\n\t\t\t\t<div class=\"elementor-widget-container\">\n\t\t\t\t\t\t\t<p>\u201eSkoncentruj si\u0119 na prowadzeniu swojego biznesu, a my zajmiemy si\u0119 ca\u0142\u0105 administracj\u0105 i ksi\u0119gowo\u015bci\u0105. Zg\u0142aszasz wykonanie us\u0142ugi lub wydanie towaru? My mo\u017cemy wystawi\u0107 faktur\u0119, zebra\u0107 i uporz\u0105dkowa\u0107 wszystkie dokumenty, po\u0142\u0105czy\u0107 zam\u00f3wienie z odpowiednimi dokumentami kosztowymi, a nawet odebra\u0107 je od Ciebie. Zajmiemy si\u0119 r\u00f3wnie\u017c dostarczeniem pism do urz\u0119d\u00f3w oraz innymi sprawami administracyjnymi. Ty skupiasz si\u0119 na zarabianiu, my dbamy o ksi\u0119gowo\u015b\u0107.\u201d<br \/><em>Elwira Czapla-biuro ksi\u0119gowe Telcz<\/em><\/p>\t\t\t\t\t\t<\/div>\n\t\t\t\t<\/div>\n\t\t\t\t\t<\/div>\n\t\t\t\t<\/div>\n\t\t\t\t<\/div>\n\t\t\t\t<\/div>\n\t\t<div class=\"elementor-element elementor-element-30fdb6ed e-flex e-con-boxed e-con e-parent\" data-id=\"30fdb6ed\" data-element_type=\"container\">\n\t\t\t\t\t<div class=\"e-con-inner\">\n\t\t\t\t<div class=\"elementor-element elementor-element-7f3f1183 elementor-widget elementor-widget-spacer\" data-id=\"7f3f1183\" data-element_type=\"widget\" data-widget_type=\"spacer.default\">\n\t\t\t\t<div class=\"elementor-widget-container\">\n\t\t\t\t\t<div class=\"elementor-spacer\">\n\t\t\t<div class=\"elementor-spacer-inner\"><\/div>\n\t\t<\/div>\n\t\t\t\t<\/div>\n\t\t\t\t<\/div>\n\t\t\t\t\t<\/div>\n\t\t\t\t<\/div>\n\t\t<div class=\"elementor-element elementor-element-41bec65 e-flex e-con-boxed e-con e-parent\" data-id=\"41bec65\" data-element_type=\"container\">\n\t\t\t\t\t<div class=\"e-con-inner\">\n\t\t\t\t<div class=\"elementor-element elementor-element-d1e6cdd elementor-widget elementor-widget-spacer\" data-id=\"d1e6cdd\" data-element_type=\"widget\" data-widget_type=\"spacer.default\">\n\t\t\t\t<div class=\"elementor-widget-container\">\n\t\t\t\t\t<div class=\"elementor-spacer\">\n\t\t\t<div class=\"elementor-spacer-inner\"><\/div>\n\t\t<\/div>\n\t\t\t\t<\/div>\n\t\t\t\t<\/div>\n\t\t\t\t\t<\/div>\n\t\t\t\t<\/div>\n\t\t<div class=\"elementor-element elementor-element-7781aea3 e-grid e-con-full animated-slow e-con e-parent\" data-id=\"7781aea3\" data-element_type=\"container\" data-settings=\"{&quot;animation&quot;:&quot;none&quot;,&quot;background_background&quot;:&quot;classic&quot;}\">\n\t\t\t\t<div class=\"elementor-element elementor-element-2de2fd2a elementor-widget elementor-widget-google_maps\" data-id=\"2de2fd2a\" data-element_type=\"widget\" data-widget_type=\"google_maps.default\">\n\t\t\t\t<div class=\"elementor-widget-container\">\n\t\t\t<style>\/*! elementor - v3.21.0 - 24-04-2024 *\/\n.elementor-widget-google_maps .elementor-widget-container{overflow:hidden}.elementor-widget-google_maps .elementor-custom-embed{line-height:0}.elementor-widget-google_maps iframe{height:300px}<\/style>\t\t<div class=\"elementor-custom-embed\">\n\t\t\t<iframe loading=\"lazy\"\n\t\t\t\t\tsrc=\"https:\/\/maps.google.com\/maps?q=telcz%20ksi%C4%99gowo%C5%9B%C4%87&#038;t=m&#038;z=13&#038;output=embed&#038;iwloc=near\"\n\t\t\t\t\ttitle=\"telcz ksi\u0119gowo\u015b\u0107\"\n\t\t\t\t\taria-label=\"telcz ksi\u0119gowo\u015b\u0107\"\n\t\t\t><\/iframe>\n\t\t<\/div>\n\t\t\t\t<\/div>\n\t\t\t\t<\/div>\n\t\t\t\t<div class=\"elementor-element elementor-element-49cd979f elementor-widget elementor-widget-text-editor\" data-id=\"49cd979f\" data-element_type=\"widget\" data-widget_type=\"text-editor.default\">\n\t\t\t\t<div class=\"elementor-widget-container\">\n\t\t\t\t\t\t\t<p>&#8222;TELCZ&#8221; Elwira Czapla<br \/>03-968\u00a0 Warszawa<br \/>Saska 103 lok U3<br \/>tel. 501 536 499<br \/>NIP 113-020-74-38<\/p>\t\t\t\t\t\t<\/div>\n\t\t\t\t<\/div>\n\t\t\t\t<\/div>\n\t\t\t\t<\/div>\n\t\t","protected":false},"excerpt":{"rendered":"<p>Chodz\u0105 Ci po g\u0142owie nast\u0119puj\u0105ce pytania&#8230;. Czy lepiej za\u0142o\u017cy\u0107 nowa sp\u00f3\u0142k\u0119 czy kupi\u0107 gotow\u0105 a mo\u017ce ju\u017c z histori\u0105? Czy warto przekszta\u0142ci\u0107 jednoosobow\u0105 dzia\u0142alno\u015b\u0107 w sp\u00f3\u0142k\u0119? Czy samoch\u00f3d jako \u015br. trwa\u0142y lepiej zakupi\u0107 w leasingu, kredycie, a mo\u017ce najem d\u0142ugo lub kr\u00f3tkoterminowy? Czy Sp. z o.o. mo\u017ce by\u0107 bez sk\u0142adki zdrowotnej? Jak otrzyma\u0107 \u201epensj\u0119\u201d z [&hellip;]<\/p>\n","protected":false},"author":2,"featured_media":0,"parent":0,"menu_order":0,"comment_status":"closed","ping_status":"closed","template":"","meta":{"_siteseo_robots_primary_cat":"","footnotes":""},"class_list":["post-47","page","type-page","status-publish","hentry"],"_links":{"self":[{"href":"https:\/\/telcz.com.pl\/index.php?rest_route=\/wp\/v2\/pages\/47","targetHints":{"allow":["GET"]}}],"collection":[{"href":"https:\/\/telcz.com.pl\/index.php?rest_route=\/wp\/v2\/pages"}],"about":[{"href":"https:\/\/telcz.com.pl\/index.php?rest_route=\/wp\/v2\/types\/page"}],"author":[{"embeddable":true,"href":"https:\/\/telcz.com.pl\/index.php?rest_route=\/wp\/v2\/users\/2"}],"replies":[{"embeddable":true,"href":"https:\/\/telcz.com.pl\/index.php?rest_route=%2Fwp%2Fv2%2Fcomments&post=47"}],"version-history":[{"count":219,"href":"https:\/\/telcz.com.pl\/index.php?rest_route=\/wp\/v2\/pages\/47\/revisions"}],"predecessor-version":[{"id":2739,"href":"https:\/\/telcz.com.pl\/index.php?rest_route=\/wp\/v2\/pages\/47\/revisions\/2739"}],"wp:attachment":[{"href":"https:\/\/telcz.com.pl\/index.php?rest_route=%2Fwp%2Fv2%2Fmedia&parent=47"}],"curies":[{"name":"wp","href":"https:\/\/api.w.org\/{rel}","templated":true}]}}